ctor of 128 and l.
16
Let w = 25 - 12. Suppose -5*u + 138 = x, 2*u + w = -x + 67. Suppose -69 = -3*b - 2*a + 4*a, -3*b - a + 60 = 0. What is the highest common divisor of b and u?
7
Let a(f) be the third derivative of 0 + 7/2*f**3 + 1/3*f**4 + 0*f + 7*f**2 - 1/60*f**5. Let y be a(10). What is the highest common divisor of 2 and y?
1
Suppose 603 = 4*z + j, 3*z = j + 322 + 132. Suppose -3*u - z = -o - 4*u, o = u + 149. Let m = -20 - -30. Calculate the highest common divisor of o and m.
10
Let u(w) = 5035*w + 688. Let b be u(5). What is the highest common divisor of b and 37?
37
Let s = -7799 + 7898. What is the greatest common divisor of s and 55?
11
Let u = 112 + -87. Suppose -6*c + 9*c - 2*b - 231 = 0, c + 2*b - 69 = 0. Let i = c + -70. What is the highest common factor of u and i?
5
Let c be -22*1 - (543 - 31080). What is the highest common factor of c and 170?
85
Suppose -4*j + 5*h = -123, -1 = -2*h + h. Let w = 58 - -46. What is the greatest common factor of j and w?
8
Let s be (-5)/(((-55)/2068)/((-3)/(-12))). Let u = 503 - 80. Calculate the highest common factor of s and u.
47
Let r be (-19)/(-5) - 4/(-20). Let t = 4187 + -4183. Calculate the highest common divisor of t and r.
4
Let b = -9558 - -9824. Calculate the highest common factor of b and 1722.
14
Let v = 195 - 41. Suppose q = -2*w + 84, 6*q - 4*q - 80 = -2*w. What is the greatest common divisor of w and v?
22
Let q(r) = -r**3 - 129*r**2 - 293*r + 84. Let v be q(-127). What is the greatest common factor of 1173 and v?
69
Let n(i) = -5*i**2 + 225*i + 111. Let h be n(42). Calculate the highest common factor of h and 19.
19
Let c be (1 + 4)*(-6 - -12). Suppose 3*g = 3*o - 15, 7 = 3*g + 4*o + 1. Let a be g - (-2478)/27 - (-2)/9. What is the highest common factor of c and a?
30
Let y = -2782 + 2894. Calculate the greatest common divisor of 464 and y.
16
Let c(z) = -4*z + 56. Let q be c(13). Suppose 1 = -q*j + 1105. Calculate the greatest common factor of 12 and j.
12
Let l(s) be the first derivative of -s**4/4 + 34*s**3/3 + 9*s**2/2 - 14*s - 10. Let h be l(34). What is the highest common factor of h and 73?
73
Suppose 3*m = -5*j + 15, -5*m - j - j + 6 = 0. Suppose -4*s + 88 = 3*q - 8, s - 2*q - 13 = m. What is the greatest common divisor of 7 and s?
7
Suppose -3 = 202*t - 205*t - 4*m, 4*t + m = 17. Let c = 46 - 31. Suppose t*y = k + c, -4*k + 42 = 5*y + 2. Calculate the greatest common factor of k and 45.
5
Let s(v) = -v**2 - 33*v + 796. Let g be s(-48). Suppose 2*w + 32 = -4*h, -4*w = -2*w + h + 26. Let j = w + 50. Calculate the greatest common factor of j and g.
38
Let w(z) = 2*z**3 - 32*z**2 + 5*z - 28. Suppose -15 = -3*h, 0*b - b - 4 = -4*h. Let x be w(b). Calculate the greatest common divisor of x and 44.
4
Let n be -2*2/(-4) + -3. Let h be 39 - (1 + n)*1. Suppose 811*f - 788*f = 690. What is the highest common divisor of h and f?
10
Let w = -18207 + 40682. Suppose -14*x - w = -39*x. What is the greatest common factor of x and 31?
31
Suppose 36 = 11*n - 7*n - 4*h, -4*n = -h - 27. Let q be 2/(n/12 - 3/12). Calculate the highest common factor of q and 40.
8
Let l = 3199 + -1336. What is the highest common divisor of 1035 and l?
207
Let j be (3 + 9/(-6))*(-436)/(-3). Suppose -u - 42 = -2*k, 2*u - 2*k + j = -3*u. Let w be (-9)/6*(u/12 - 3). Calculate the greatest common divisor of w and 20.
10
Let r be ((-5)/(-4))/(-5 - (-57)/12). Let h(l) = -39*l + 30. Let v be h(r). Calculate the highest common factor of v and 300.
75
Let d(x) = 3*x**2 - 4*x - 2. Let y be d(2). Let f be y + 10*(-3 - -2). Let n = f + 184. What is the highest common divisor of n and 16?
16
Suppose -36*x = 149*x + 30*x - 39130. What is the greatest common divisor of 2002 and x?
182
Let g = 870 + -864. Let m(i) = i**3 + 9*i - 2*i**2 + 0*i**2 - 3 - 5*i**2. Let s be m(g). Calculate the highest common factor of 120 and s.
15
Let s be 7 - ((-30)/4)/(105/560). What is the greatest common divisor of 1 and s?
1
Let i(o) = -6*o + 44. Suppose 3*r + 6 + 19 = 2*j, r - 5 = -j. Let h be i(j). Let b be (-14)/h + ((-5)/2 - -2). What is the greatest common factor of b and 3?
3
Let v = -12196 - -12222. What is the highest common factor of v and 1261?
13
Let y = -3 + 21. Let x be (6/10)/((-6)/(-405))*2. Suppose 15*t - x = 11*t + 3*u, -4*t - u + 69 = 0. What is the greatest common factor of y and t?
18
Let c(g) = -g**3 - 41*g**2 - 49*g - 203. Let x be c(-40). Calculate the greatest common factor of 157 and x.
157
Let g = -402 + 4642. What is the highest common divisor of g and 240?
80
Suppose 4*k = u + 236 + 158, 496 = 5*k - 3*u. Calculate the greatest common factor of k and 2240.
14
Let d(q) = q**2 + 5*q + 6. Suppose 0 = -8*c + 4*c - 28. Let i be d(c). What is the highest common divisor of i and 140?
20
Let k = -73 - -126. Let c = k - 51. Let d be ((-12)/(-12))/(c/(-14))*-1. What is the highest common factor of 1 and d?
1
Suppose -2945 + 1 = -23*f. Let h = f - 125. What is the highest common factor of h and 1?
1
Let h be (264/220 + 3444/80)*4. Calculate the greatest common divisor of h and 1239.
177
Suppose 500 = a - 2*l, 0 = -9*a + 5*a + 3*l + 2025. What is the greatest common factor of a and 30?
30
Suppose 5*y - 46 = c, 438*y - 435*y - 51 = -2*c. What is the greatest common divisor of 13288 and y?
11
Let x be -14 + 32 + (0 - -4). Suppose k + 95 = x. Let b = k - -83. What is the highest common factor of b and 90?
10
Let c be 84/630 + 10063/15. Calculate the highest common factor of c and 549.
61
Suppose -17 = -11*a + 49. Suppose -11 = -a*p + 5*p. Let u be (-2)/4 - (p/(-2) + 3). Calculate the greatest common divisor of 2 and u.
2
Let r = -60 - -61. Let j be r - -1 - ((-2 - -4) + -60). Let d = 72 - j. What is the highest common factor of 18 and d?
6
Suppose 34*k - 47*k = 7345. Let n = k - -597. Let c = 16 + 0. What is the highest common factor of c and n?
16
Let u be 7*-1 - (-324)/27. Let k(w) = -5*w + 89. Let s be k(u). What is the greatest common divisor of s and 112?
16
Let j = 22 - -50. Let n = -1152 - -1154. Suppose -d - n*d = -j. What is the highest common factor of 120 and d?
24
Let o be (10/(-3))/(20/4380). Let g = 739 + o. Calculate the greatest common divisor of 576 and g.
9
Let f(z) = -412*z + 2083. Let o be f(5). Calculate the highest common divisor of 1311 and o.
23
Let h be (279/(-12) - -2) + (-21)/28. Let m(u) = -13*u - 97. Let l be m(h). What is the highest common factor of l and 21?
21
Let z = -2263 + 2949. What is the greatest common divisor of 14 and z?
14
Let n = -190 + 334. Let b(c) be the third derivative of -c**5/60 + 19*c**4/24 - c**3/3 + 9*c**2. Let v be b(18). What is the greatest common factor of v and n?
16
Let u(d) = 769*d - 769*d - d**3 + 1. Let a be u(1). Suppose 866 = 3*y + h + h, a = y - 2*h - 286. What is the greatest common factor of 18 and y?
18
Let i be (-106723)/(-685) - 2/(-10). Calculate the greatest common factor of 4420 and i.
52
Let g = 649 + 237. Let t be 1*((-15)/18 - g/(-12)). Calculate the highest common divisor of 1 and t.
1
Let r be (-19275)/(-21) + 8/56. Suppose -4*b - 5*b = -r. Calculate the greatest common divisor of b and 18.
6
Let u = -1 - -2. Let r be (-31 - -17 - -19) + 1*-10. Let l(x) = -x**2 + x + 47. Let w be l(r). What is the greatest common factor of u and w?
1
Let p(u) = -3*u**3 - u - 1. Let s(g) = -g**2 - 9*g + 69. Let v be s(-14). Let r be p(v). Calculate the highest common factor of r and 4.
1
Let c(i) = 8476*i - 25260. Let f be c(3). Suppose -3*l + 2*l = -36. What is the greatest common factor of l and f?
12
Let x(s) = -152*s - 312. Let a be x(4). Let v = -846 - a. What is the highest common divisor of v and 37?
37
Let y be ((-1)/(-3))/((-36)/108)*0. Let w be (y - 6)*27/(-6). Calculate the highest common divisor of 18 and w.
9
Let t = 3025 + -2941. Calculate the highest common divisor of 3388 and t.
28
Suppose 456*i = -30*i + 13608. What is the greatest common factor of 1778 and i?
14
Suppose 4*l = 4*v - 3*v + 114, -v - 56 = -2*l. Suppose 3*j = l + 301. Let b = j - 73. What is the greatest common factor of b and 37?
37
Let x(a) = -a + 49. Let o be x(-19). Suppose 8 = -3*b + o. What is the greatest common divisor of b and 380?
20
Let i = 3647 + -3480. What is the highest common factor of i and 2?
1
Suppose w + 0*w = 112. Let q(f) = 4*f**2 - f - 1. Let a be q(-1). Suppose